 3*h + 45. Let v be a(u). What is the highest common factor of v and 9?
9
Let d be -1*(1/(-5) - 624/30). Suppose d*a - 20*a = 12. What is the highest common divisor of a and 4?
4
Let k(o) = -15*o - 31. Let r be k(-3). Let d be 0 - 1 - 1*114/(-2). What is the greatest common factor of r and d?
14
Suppose -66 = -5*z - 6*w, 10*z + 53 = 14*z + 5*w. Calculate the greatest common divisor of z and 2532.
12
Suppose -3*h + 1821 = -0*r - 3*r, -1833 = -3*h - r. Let i = -380 + h. Suppose 170 = 5*a - i. What is the highest common divisor of 10 and a?
10
Let n(g) = 150*g**2 - 303*g + 1489. Let h be n(5). Calculate the greatest common factor of 147 and h.
49
Let p(q) = 11*q**2 + 11*q + 476. Let b be p(25). What is the highest common factor of b and 492?
246
Let j(m) = -429*m - 605. Let g be j(-11). What is the highest common divisor of g and 102?
34
Let s be (-7)/((-28)/(-64))*6. Let p = s - -100. Calculate the highest common divisor of 62 and p.
2
Suppose -i + 8*i = 0. Suppose 3*j - 9 - 6 = i. Let u(x) = 2*x**2 + 2*x + 16. Let k be u(j). Calculate the greatest common factor of 38 and k.
38
Let q = -6044 - -6197. What is the greatest common divisor of 72 and q?
9
Let n be 1/(-3) + (-331)/(-3). Suppose -703 + 953 = 4*h - 2*c, -5*h + c + 305 = 0. Calculate the greatest common divisor of h and n.
10
Suppose -2*o + 93 = -103. Let m = -29 + o. Let w = -49 + m. What is the highest common factor of 100 and w?
20
Suppose k + y + 12 = 78, 2*y = -k + 70. Calculate the greatest common divisor of 2666 and k.
62
Let n(b) = 79*b - 3. Let y be n(6). Let h be 9*14 + (-19 - -25) + 8 + 1. Let l = y - h. Calculate the greatest common divisor of l and 30.
30
Let r(j) = -j**2 - 12*j + 11. Let b be r(-13). Let t be b + (6 - 4) + 5. Let n be (-12)/(-1)*t/60*33. What is the greatest common factor of n and 22?
11
Suppose 0 = 3*d + 105 + 75. Let z = 64 + d. Let g be ((-1)/(-3))/((-1)/(-12))*z. What is the greatest common divisor of 40 and g?
8
Let p(j) = 402*j - 169. Let c be p(3). Calculate the greatest common divisor of 244 and c.
61
Suppose 2*f - 103 = 5*t + 147, 2*f + 4*t = 250. Let b(u) = u**3 - 42*u**2 - 132*u - 110. Let g be b(45). Calculate the highest common factor of g and f.
25
Let b(d) = d**3 - d**2 - 19*d + 1375. Let y be b(0). Suppose 2453 = 22*q - y. What is the greatest common factor of q and 2?
2
Let c(p) = 1694*p**3 + p - 1. Let k be c(1). Suppose -7*v + 30*v - 1771 = 0. Calculate the highest common factor of k and v.
77
Let s be (4725/2)/15*(116/20 - 5). Calculate the highest common divisor of 828 and s.
18
Let l(k) = -2*k**3 - 4*k**2 - k + 19. Let a be l(-6). Let r = a - 289. Calculate the highest common factor of r and 24.
24
Let b = 580 - 164. What is the highest common factor of 1352 and b?
104
Let a be ((-23)/(736/34032))/((-3)/18). What is the greatest common factor of 18 and a?
9
Suppose -45*t = -38*t + 623. Let m = t + 369. Calculate the greatest common divisor of 40 and m.
40
Let u be (-4 - -122)/(3/18*4). Suppose 0*f = 2*f - 2*o - 78, 3*o = -4*f + u. Suppose 0 = g - 33 - 30. What is the highest common divisor of f and g?
21
Let g = 2538 - 554. What is the greatest common factor of 93 and g?
31
Let t(o) = 53*o**2 - 2*o - 1. Let w be t(-1). Let c be 2*(-1 - (-15)/2). Suppose 81 = c*i - 75. Calculate the highest common divisor of w and i.
6
Let n(r) = -417*r + 4916. Let z be n(11). Calculate the greatest common divisor of 35861 and z.
329
Let m be 240/(-28)*(-7)/2. Suppose 0 = -5*r + 150 - m. Calculate the greatest common divisor of 66 and r.
6
Suppose y - 245 = -5*j, -2*j = 3*y - 113 + 2. Let g = 35 - 19. What is the greatest common factor of j and g?
16
Let p be (-11 - -17)*(-6)/(-9). Suppose 4*z = -p*m + 2428, -3*z + 5*m - 2424 = -7*z. What is the greatest common divisor of 47 and z?
47
Let x = -7722 - -8226. What is the greatest common divisor of 567 and x?
63
Let b = -3 + 9. Suppose 4 - b = -x. Suppose -v - f + 4 = 0, -8 = -v - 5*f + x*f. Calculate the greatest common divisor of 1 and v.
1
Let u be (4 + -1)/((-42)/(-56)). Suppose 7*t - u*t = 57. Let d = 344 - 154. Calculate the greatest common factor of t and d.
19
Suppose 54*l + 2252 = 2900. Let i(w) = -20*w - 2. Let o be i(-4). Calculate the highest common divisor of l and o.
6
Suppose 4*c - 38 + 14 = 0. Let l be 460/55*c - 4/22. What is the highest common divisor of l and 20?
10
Let h = -265 + -550. Let l = -738 - h. What is the highest common divisor of l and 176?
11
Suppose 5*r = -g + 9313, -7462 = -4*r - 9*g + 14*g. What is the greatest common divisor of 138 and r?
69
Let g = -4 + 4. Suppose 297 = 3*w - g*w. Let j = -2920 - -2931. Calculate the greatest common divisor of j and w.
11
Let m(h) = -5*h**2 + 38*h + 160. Let p(b) = -2*b**2 + 12*b + 53. Let f(t) = 3*m(t) - 8*p(t). Let a be f(-23). Calculate the greatest common divisor of a and 54.
9
Let u(b) = -b**2 + 7*b - 6. Let m be u(1). Suppose m = 2*f + 1 - 401. What is the highest common factor of f and 8?
8
Suppose 13775 = 75*h - 14*h - 22459. What is the greatest common factor of h and 8?
2
Suppose 40 = 2*l - 2. Suppose 6*y = -y + 63. Suppose 0 = -4*q + y + 19. Calculate the greatest common divisor of q and l.
7
Let p(n) = 2608*n - 5021. Let z be p(2). What is the highest common divisor of 6955 and z?
65
Let m = -48 - -50. Suppose 0 = -m*x + 2*s + 88 + 22, -115 = -2*x - 3*s. What is the highest common divisor of 98 and x?
14
Let o(f) = -f**2 + 8*f + 52. Let w be o(12). Suppose -5*c = -2*u + 690, w*c - 275 - 70 = -u. Calculate the highest common factor of 15 and u.
15
Let o(j) = -394*j**2 + 11*j - 10. Let u be o(1). Let x = u - -770. What is the highest common divisor of 13 and x?
13
Let g be (2/(-4))/(6/1056). Let t be -4 - 3/(12/g). What is the highest common factor of t and 288?
18
Suppose -13*c - 16*c - 25*c + 48222 = 0. What is the highest common factor of c and 188?
47
Let t(x) = -x**3 - 7*x**2 - 10*x + 5. Let s be t(-5). Suppose s*o - 3*i = 235 + 211, 3*i = o - 94. Calculate the highest common factor of o and 33.
11
Suppose -36*i = -866 - 7954. What is the greatest common divisor of 1764 and i?
49
Let b be 2 + 72 + (-27 - -33). Suppose -86*h + 36 = -b*h. Calculate the greatest common divisor of 32 and h.
2
Let w = 641 - 443. Suppose -3*r + 12*r = w. Let g(c) = -3*c + 73. Let v be g(r). Calculate the greatest common divisor of 35 and v.
7
Suppose 348 = 4*j + 315 - 287. Calculate the greatest common factor of 25 and j.
5
Suppose 2*a = 94 + 100. Let m = -75 + a. Calculate the highest common factor of 132 and m.
22
Let l(z) = -z**2 + 9*z. Let v be l(9). Suppose -17*s = -15*s + 2, -2*x - s + 489 = v. What is the greatest common divisor of x and 70?
35
Let h = 1 + -1. Suppose h*v - 6*v = -228. Calculate the greatest common divisor of 95 and v.
19
Let d = -173 + 217. Suppose -176 = -11*r - d. Calculate the greatest common divisor of 8 and r.
4
Let x(b) = 2*b**2 + 2*b + 2. Let y = 23 + -23. Let h(f) = f**3 - f**2 - 2*f + 4. Let l be h(y). Let u be x(l). Calculate the highest common divisor of 28 and u.
14
Suppose 0 = -11*h + 6*h - w + 133, 110 = 4*h + 2*w. What is the highest common divisor of h and 146?
2
Let t(b) = 176*b + 409. Let n be t(13). Calculate the highest common factor of 93 and n.
93
Let h be 1/(-1*(-2)/836). Suppose -5*v + 12 = 1082*l - 1081*l, 0 = -5*v - 10. Calculate the greatest common factor of l and h.
22
Suppose -8*v + 3*v + 1400 = 5*n, 4*n + 3*v - 1120 = 0. Suppose -56*h + 66*h = n. Calculate the greatest common divisor of h and 420.
28
Suppose -15691 = 137427*q - 137440*q. What is the highest common divisor of q and 994?
71
Let x(y) = y**3 - 9*y**2 - 2*y - 10. Let u be x(9). Let b = u + 30. Suppose 14 = -b*a + 3*a. What is the greatest common factor of 98 and a?
14
Let h(v) = -v**2 - 8*v - 7. Let u be h(-5). Let t = 49196 + -49136. What is the highest common factor of u and t?
4
Suppose 6*q = 2*q - 108. Let r be (50 + -35)*(1 + q/(-5)). What is the highest common divisor of r and 216?
24
Let n = -13833 - -14587. Calculate the greatest common factor of 8 and n.
2
Suppose 11*m = 12*m + 5*r - 817, 0 = -4*m - r + 3211. Calculate the highest common divisor of 2 and m.
2
Suppose 0 = 18*l + 32*l - 1050. Let w be 3/2*(-30)/(-9). Suppose 56 = w*d - 14. Calculate the highest common divisor of d and l.
7
Let y be 9*9/162*(0 - -32).